415 and 3405?
15
Calculate the greatest common factor of 267435 and 1768095.
945
What is the greatest common divisor of 14476664 and 184?
8
What is the greatest common divisor of 258675 and 103125?
75
What is the greatest common divisor of 149621 and 112454?
953
What is the greatest common divisor of 391 and 501499337?
391
Calculate the highest common factor of 21606 and 10530.
78
Calculate the highest common factor of 1728 and 3950370.
54
Calculate the greatest common divisor of 17288095 and 55.
55
What is the highest common factor of 333142844 and 43?
43
What is the highest common factor of 36207971 and 695?
139
Calculate the greatest common divisor of 1786 and 1006202.
38
Calculate the highest common divisor of 55000 and 319880.
440
Calculate the greatest common divisor of 99781 and 121.
11
What is the highest common factor of 345 and 32937495?
345
Calculate the greatest common divisor of 674790 and 485090.
2710
What is the greatest common divisor of 17875 and 1822535?
715
What is the greatest common factor of 924800 and 975?
25
Calculate the highest common divisor of 1203499 and 3223130.
2957
What is the greatest common factor of 4162 and 7456?
2
Calculate the greatest common divisor of 1955 and 960020.
115
What is the greatest common factor of 7604640 and 36000?
1440
What is the greatest common divisor of 5060 and 218020?
220
Calculate the highest common factor of 3594013 and 49931.
1019
What is the highest common factor of 103251676 and 892?
892
Calculate the greatest common divisor of 34242 and 108095.
13
Calculate the highest common divisor of 64088004 and 36.
12
Calculate the greatest common factor of 105675 and 3109663.
1409
What is the highest common divisor of 984 and 1567389?
123
Calculate the highest common factor of 1830667289 and 11.
11
What is the highest common divisor of 2613246 and 324?
6
What is the greatest common divisor of 410 and 135025546?
82
Calculate the greatest common factor of 44863 and 14135296.
3451
Calculate the greatest common factor of 19 and 87835879.
19
Calculate the highest common factor of 10659 and 116458353.
627
What is the greatest common divisor of 75535454 and 238?
34
Calculate the greatest common factor of 2337573196 and 28.
28
What is the highest common divisor of 4614225 and 421260?
1785
What is the highest common factor of 18771602 and 351214?
5242
What is the highest common divisor of 4373422443 and 39?
39
What is the highest common factor of 1247 and 85460651?
1247
What is the highest common divisor of 7 and 2497446343?
7
What is the highest common divisor of 6 and 3235582?
2
What is the highest common divisor of 45434 and 542?
2
What is the highest common divisor of 360 and 16774740?
180
What is the highest common divisor of 695240 and 378?
14
What is the greatest common factor of 563068055 and 835?
835
Calculate the highest common factor of 7754245 and 1501.
79
What is the highest common divisor of 224092 and 32871148?
1852
Calculate the highest common divisor of 5706 and 1156733.
317
Calculate the greatest common factor of 45 and 7530440.
5
Calculate the greatest common divisor of 11927550 and 405.
15
What is the greatest common divisor of 78176500 and 5?
5
Calculate the greatest common factor of 961880930 and 4890.
1630
Calculate the highest common factor of 58375 and 375.
125
What is the greatest common factor of 615 and 38764065?
615
Calculate the greatest common divisor of 11231 and 3848149.
1021
What is the highest common divisor of 316382 and 2627416?
1606
What is the greatest common divisor of 27 and 508520097?
9
Calculate the greatest common factor of 267108 and 12132.
12
What is the highest common factor of 2573 and 1365931?
83
What is the highest common factor of 87366065 and 74?
37
Calculate the highest common factor of 5926294 and 5368.
22
Calculate the highest common divisor of 1157416 and 13364.
52
Calculate the highest common divisor of 3920 and 3531528.
392
Calculate the highest common divisor of 40425 and 2927309.
539
Calculate the greatest common factor of 15660 and 4896215.
145
What is the greatest common divisor of 101195 and 160025?
185
Calculate the greatest common divisor of 187096494 and 1554.
222
Calculate the greatest common factor of 49853159 and 670.
67
Calculate the greatest common divisor of 321 and 492469854.
321
What is the greatest common factor of 328352 and 29726117?
10261
What is the greatest common factor of 5922 and 370818?
126
What is the greatest common factor of 30 and 54566390?
10
What is the greatest common factor of 36049 and 657319?
767
Calculate the highest common divisor of 398 and 1393645954.
398
Calculate the greatest common divisor of 14 and 13818182.
14
What is the greatest common divisor of 66351 and 155499?
51
What is the greatest common divisor of 11001369 and 48?
3
Calculate the greatest common factor of 126 and 27643854.
42
What is the greatest common divisor of 1155 and 3781272?
33
Calculate the greatest common factor of 306 and 38080782.
306
What is the highest common divisor of 8717010 and 152?
38
Calculate the greatest common divisor of 1304 and 664714.
326
Calculate the greatest common factor of 326249 and 2926.
1463
What is the greatest common divisor of 91012 and 6344?
244
Calculate the greatest common divisor of 232 and 4231332.
116
What is the greatest common divisor of 8211270 and 3180?
30
Calculate the greatest common factor of 5919009 and 2123197.
6827
What is the highest common divisor of 765475 and 267700?
25
Calculate the greatest common factor of 8498 and 4634.
14
What is the highest common factor of 44 and 16211778?
22
Calculate the greatest common factor of 181154 and 20299.
53
Calculate the greatest common divisor of 6 and 746652.
6
What is the greatest common divisor of 97280 and 2707120?
1520
What is the greatest common divisor of 791180 and 446605?
895
What is the greatest common factor of 261 and 133740?
9
Calculate the greatest common factor of 7901448 and 6816.
1704
Calculate the highest common factor of 175648 and 224051.
499
What is the greatest common divisor of 268 and 241487296?
268
What is the greatest common divisor of 126 and 769107726?
18
Calculate the greatest common divisor of 2550986 and 6.
2
Calculate the greatest common factor of 41876 and 33991.
19
Calculate the greatest common factor of 107026335 and 494.
247
Calculate the highest common divisor of 104347 and 1.
1
What is the greatest common factor of 5913 and 422889?
219
Calculate the greatest common factor of 467802 and 15822.
54
What is the greatest common factor of 176 and 146823344?
16
What is the highest common factor of 112 and 2455082?
14
What is the highest common factor of 8809 and 198145?
23
What is the greatest common divisor of 159533 and 7491?
11
What is the highest common divisor of 1355240 and 13260?
340
What is the highest common divisor of 175639 and 7425419?
3737
Calculate the highest common divisor of 7412427 and 198.
99
What is the highest common factor of 12 and 30889614?
6
Calculate the highest common factor of 76 and 11488274.
38
What is the greatest common divisor of 37050236 and 1077?
359
What is the highest common divisor of 70 and 1171149665?
35
Calculate the highest common factor of 23584231 and 242.
121
What is the greatest common divisor of 431711835 and 1595?
145
Calculate the highest common factor of 300 and 93517375.
25
What is the highest common divisor of 28017011 and 5771?
199
Calculate the greatest common factor of 16120 and 37014.
62
Calculate the highest common factor of 1244 and 538206337.
311
Calculate the highest common factor of 5492354 and 42.
14
Calculate the greatest common factor of 2518986 and 42.
6
Calculate the highest common factor of 43734 and 1470802.
394
Calculate the highest common divisor of 962 and 1271542.
74
What is the greatest common divisor of 1416 and 8798198?
118
What is the highest common divisor of 1656 and 32417028?
828
Calculate the highest common factor of 27530 and 106930.
10
What is the highest common divisor of 104292 and 2616?
12
What is the greatest common factor of 152 and 14661464?
152
What is the greatest common divisor of 670 and 2438090?
10
Calculate the highest common divisor of 378 and 13070169.
63
What is the greatest common factor of 20378 and 134274?
46
Wha